41?
141
What is the greatest common divisor of 241 and 368971?
241
Calculate the highest common divisor of 1690625 and 250.
125
Calculate the highest common factor of 19881858 and 734.
734
What is the greatest common divisor of 4 and 989804?
4
What is the greatest common factor of 225 and 443241?
9
What is the highest common divisor of 129708 and 216?
108
Calculate the highest common factor of 7730 and 344758.
1546
Calculate the highest common factor of 41975 and 1241.
73
What is the greatest common divisor of 118750 and 36875?
625
Calculate the highest common factor of 7 and 11207.
7
Calculate the greatest common factor of 260 and 10760.
20
What is the highest common divisor of 26698 and 1246?
14
Calculate the highest common divisor of 10816 and 884.
52
What is the highest common factor of 10 and 666430?
10
Calculate the greatest common factor of 364 and 37388.
52
Calculate the highest common divisor of 38 and 20197.
19
Calculate the highest common divisor of 232835 and 5.
5
Calculate the highest common divisor of 1 and 285706.
1
What is the greatest common factor of 105 and 666498?
21
Calculate the highest common divisor of 1839366 and 612.
306
What is the greatest common factor of 210488 and 6308?
332
Calculate the greatest common factor of 2169762 and 5586.
798
Calculate the highest common divisor of 32218 and 534.
178
What is the greatest common factor of 714722 and 382?
382
What is the greatest common factor of 200 and 255950?
50
What is the highest common divisor of 273 and 903?
21
What is the greatest common factor of 113745 and 30?
15
Calculate the highest common divisor of 90 and 130140.
90
What is the greatest common factor of 5240 and 860?
20
Calculate the greatest common factor of 18 and 305232.
6
What is the greatest common divisor of 5673 and 134664?
93
Calculate the greatest common factor of 971784 and 144.
72
What is the greatest common divisor of 106685 and 95?
95
What is the highest common factor of 9968 and 392?
56
Calculate the highest common divisor of 700 and 189.
7
Calculate the highest common factor of 108620 and 60.
20
What is the greatest common factor of 20 and 767020?
20
Calculate the highest common divisor of 19 and 8926751.
19
Calculate the highest common factor of 12904 and 16.
8
What is the highest common factor of 131693 and 4266?
79
Calculate the highest common factor of 3380 and 458328.
676
Calculate the highest common factor of 307 and 215207.
307
What is the greatest common factor of 669132 and 180?
36
Calculate the greatest common factor of 72 and 340947.
9
Calculate the highest common divisor of 54210 and 130.
130
Calculate the highest common divisor of 13 and 734513.
13
Calculate the highest common divisor of 69 and 46821.
3
What is the highest common divisor of 2806221 and 11?
11
What is the highest common factor of 276 and 5129?
23
What is the greatest common factor of 49 and 5880?
49
What is the greatest common divisor of 2313 and 325619?
257
Calculate the highest common divisor of 248 and 871069.
31
What is the highest common factor of 51 and 588342?
3
Calculate the greatest common divisor of 7437 and 71355.
201
Calculate the highest common divisor of 1494 and 135792.
18
Calculate the highest common factor of 130032 and 756.
756
What is the greatest common divisor of 94365 and 1620?
405
What is the highest common divisor of 71 and 1635769?
71
Calculate the highest common factor of 792 and 261.
9
Calculate the highest common divisor of 3884 and 8.
4
Calculate the highest common divisor of 22144 and 28199.
173
What is the greatest common factor of 148820 and 1400?
140
Calculate the highest common factor of 57462 and 2074.
122
Calculate the greatest common divisor of 52386 and 48.
6
What is the highest common divisor of 33 and 514239?
33
What is the greatest common divisor of 391 and 5543?
23
What is the highest common divisor of 1408 and 35968?
128
Calculate the highest common factor of 2 and 5318.
2
Calculate the highest common divisor of 247 and 50791.
13
What is the highest common factor of 45 and 396315?
45
Calculate the highest common divisor of 215 and 11755.
5
Calculate the highest common divisor of 27558 and 558.
18
Calculate the greatest common factor of 116570 and 10.
10
Calculate the greatest common divisor of 6954 and 19337.
61
Calculate the greatest common factor of 123 and 237513.
123
Calculate the greatest common factor of 26845 and 11765.
65
What is the highest common factor of 1483843 and 2755?
551
Calculate the greatest common factor of 3283 and 2009.
49
Calculate the highest common divisor of 2184 and 1259076.
1092
What is the highest common factor of 840 and 1449672?
168
What is the highest common divisor of 93 and 6483?
3
Calculate the highest common divisor of 615 and 5986.
41
Calculate the greatest common divisor of 4598 and 5168.
38
What is the highest common factor of 6075 and 2733075?
675
Calculate the greatest common factor of 783882 and 54.
18
Calculate the greatest common factor of 8657 and 33.
11
Calculate the greatest common divisor of 8370 and 11470.
310
Calculate the highest common divisor of 2545 and 9.
1
What is the highest common factor of 849288 and 1320?
264
What is the greatest common divisor of 6040 and 2791990?
1510
What is the highest common factor of 54257 and 5392?
337
Calculate the greatest common factor of 34208 and 690574.
2138
What is the highest common factor of 1672 and 120736?
88
Calculate the highest common divisor of 237009 and 1791.
597
Calculate the highest common divisor of 51 and 94497.
3
What is the highest common divisor of 67 and 5373869?
67
What is the highest common factor of 2241 and 219348?
27
What is the highest common factor of 9031 and 47618?
821
Calculate the greatest common factor of 6160 and 1683.
11
What is the greatest common factor of 7544 and 52726?
82
What is the highest common factor of 740 and 72860?
20
Calculate the greatest common divisor of 612 and 58.
2
Calculate the greatest common divisor of 360 and 3060.
180
What is the greatest common factor of 793296 and 9?
9
Calculate the highest common divisor of 42364 and 280.
28
Calculate the greatest common factor of 20 and 167645.
5
Calculate the highest common factor of 40 and 16408.
8
What is the greatest common factor of 16104 and 88?
88
Calculate the greatest common divisor of 5177 and 1271.
31
Calculate the greatest common divisor of 182 and 1378.
26
What is the greatest common factor of 23205 and 62244?
273
What is the highest common factor of 7 and 22572704?
7
What is the highest common divisor of 1293594 and 222?
222
What is the highest common factor of 319208 and 16?
8
Calculate the highest common factor of 95 and 2424134.
19
Calculate the greatest common factor of 156 and 71409.
39
What is the highest common divisor of 122 and 274317?
61
What is the highest common divisor of 36872 and 264?
88
Calculate the greatest common factor of 63 and 1505.
7
Calculate the greatest common factor of 130 and 315510.
130
What is the greatest common divisor of 65685 and 870?
435
Calculate the highest common divisor of 78521 and 932.
233
What is the highest common factor of 40633 and 1253?
179
Calculate the highest common divisor of 10036 and 11804.
52
What is the highest common divisor of 772895 and 35?
5
Calculate the greatest common divisor of 2439 and 21680.
271
Calculate the greatest common divisor of 101893 and 198.
11
What is the greatest common factor of 14427 and 14175?
63
What is the highest common factor of 3809 and 2930?
293
Calculate the highest common factor of 8505163 and 41.
41
Calculate the greatest common factor of 2923 and 103253.
79
Calculate the highest common factor of 4201331 and 531.
59
What is the highest common divisor of 395 and 769223?
79
What is the greatest common factor of 1485 and 75405?
165
What is the greatest common divisor of 24444 and 532?
28
Calculate the highest common divisor of 68643 and 5771.
29
Calculate the greatest common divisor of 918 and 1581.
51
What is the highest common factor of 477 and 288?
9
What is the greatest common divisor of 88 and 3083476?
44
What is the highest common divisor of 266173 and 537?
179
What is the highest common divisor of 42125 and 875?
125
What is the greatest common factor of 139405 and 735?
245
What is t